{"id":11,"date":"2020-04-30T13:35:19","date_gmt":"2020-04-30T13:35:19","guid":{"rendered":"http:\/\/ballettstudio-mz.de\/?page_id=11"},"modified":"2024-02-13T18:38:56","modified_gmt":"2024-02-13T18:38:56","slug":"ueber-mich","status":"publish","type":"page","link":"https:\/\/ballettstudio-mz.de\/?page_id=11","title":{"rendered":"\u00dcber mich"},"content":{"rendered":"\n<p>Ich m\u00f6chte mich kurz vorstellen.<\/p>\n\n\n\n<p>Ich hei\u00dfe Mercedes Zamora und bin an der Konservatorium in Madrid und an der Acad\u00e9mie de Dance Classique Princesse Grace in Montecarlo ( Monaco ) ausgebildet worden.<\/p>\n\n\n\n<p>Ich habe als Solistin in Spanien und in Mainz (zehn Jahre lang am Staatstheater) getanzt.<\/p>\n\n\n\n<p>Jetzt und seit 2008 unterrichte ich Ballett und Flamenco (Sevillanas), sowie als zertifizierte Pilates Trainerin, in verschiedenen Schulen in Mainz, Hochheim, Heidesheim und Frankfurt, und schon fr\u00fcher in Madrid und Teneriffa.<\/p>\n\n\n\n<p>Mein Zielvorstellung beim unterrichten ist die Freude am tanzen mit meine Kenntnisse heraus zu kriegen, egal ob sie es als Hobby oder beruflich das machen m\u00f6chten.<\/p>\n\n\n\n<p>Was ich von meine Lehrer gelernt habe ist Qualit\u00e4t ist wichtiger als Quantit\u00e4t, und genau so unterrichte ich, mit viel Freude, Spa\u00df und Kinderliebe.<\/p>\n\n\n\n<figure class=\"wp-block-image size-large\"><img loading=\"lazy\" decoding=\"async\" width=\"265\" height=\"300\" src=\"http:\/\/ballettstudio-mz.de\/wp-content\/uploads\/2020\/05\/097b37ac-af81-482d-8f76-4cb8a6f94a8e-265x300.jpg\" alt=\"\" class=\"wp-image-55\"\/><\/figure>\n\n\n\n<p><\/p>\n","protected":false},"excerpt":{"rendered":"<p>Ich m\u00f6chte mich kurz vorstellen. Ich hei\u00dfe Mercedes Zamora und bin an der Konservatorium in Madrid und an der Acad\u00e9mie<\/p>\n","protected":false},"author":1,"featured_media":0,"parent":0,"menu_order":0,"comment_status":"closed","ping_status":"closed","template":"","meta":{"footnotes":""},"class_list":["post-11","page","type-page","status-publish","hentry","comments-off"],"_links":{"self":[{"href":"https:\/\/ballettstudio-mz.de\/index.php?rest_route=\/wp\/v2\/pages\/11","targetHints":{"allow":["GET"]}}],"collection":[{"href":"https:\/\/ballettstudio-mz.de\/index.php?rest_route=\/wp\/v2\/pages"}],"about":[{"href":"https:\/\/ballettstudio-mz.de\/index.php?rest_route=\/wp\/v2\/types\/page"}],"author":[{"embeddable":true,"href":"https:\/\/ballettstudio-mz.de\/index.php?rest_route=\/wp\/v2\/users\/1"}],"replies":[{"embeddable":true,"href":"https:\/\/ballettstudio-mz.de\/index.php?rest_route=%2Fwp%2Fv2%2Fcomments&post=11"}],"version-history":[{"count":10,"href":"https:\/\/ballettstudio-mz.de\/index.php?rest_route=\/wp\/v2\/pages\/11\/revisions"}],"predecessor-version":[{"id":125,"href":"https:\/\/ballettstudio-mz.de\/index.php?rest_route=\/wp\/v2\/pages\/11\/revisions\/125"}],"wp:attachment":[{"href":"https:\/\/ballettstudio-mz.de\/index.php?rest_route=%2Fwp%2Fv2%2Fmedia&parent=11"}],"curies":[{"name":"wp","href":"https:\/\/api.w.org\/{rel}","templated":true}]}}